{"id":6276,"date":"2023-10-05T10:37:05","date_gmt":"2023-10-05T13:37:05","guid":{"rendered":"https:\/\/www.ipearte.com.br\/site\/?page_id=6276"},"modified":"2023-10-05T12:58:14","modified_gmt":"2023-10-05T15:58:14","slug":"doar","status":"publish","type":"page","link":"https:\/\/www.ipearte.com.br\/site\/doar\/","title":{"rendered":"Doar"},"content":{"rendered":"[vc_row type=&#8221;full_width_background&#8221; full_screen_row_position=&#8221;middle&#8221; column_margin=&#8221;default&#8221; column_direction=&#8221;default&#8221; column_direction_tablet=&#8221;default&#8221; column_direction_phone=&#8221;default&#8221; bg_color=&#8221;#e5b93f&#8221; scene_position=&#8221;center&#8221; top_padding=&#8221;80&#8243; bottom_padding=&#8221;80&#8243; text_color=&#8221;dark&#8221; text_align=&#8221;left&#8221; row_border_radius=&#8221;none&#8221; row_border_radius_applies=&#8221;bg&#8221; overflow=&#8221;visible&#8221; overlay_strength=&#8221;0.3&#8243; gradient_direction=&#8221;left_to_right&#8221; shape_divider_position=&#8221;bottom&#8221; bg_image_animation=&#8221;none&#8221; gradient_type=&#8221;default&#8221; shape_type=&#8221;&#8221;][vc_column column_padding=&#8221;no-extra-padding&#8221; column_padding_tablet=&#8221;inherit&#8221; column_padding_phone=&#8221;inherit&#8221; column_padding_position=&#8221;all&#8221; column_element_direction_desktop=&#8221;default&#8221; column_element_spacing=&#8221;default&#8221; desktop_text_alignment=&#8221;default&#8221; tablet_text_alignment=&#8221;default&#8221; phone_text_alignment=&#8221;default&#8221; background_color_opacity=&#8221;1&#8243; background_hover_color_opacity=&#8221;1&#8243; column_backdrop_filter=&#8221;none&#8221; column_shadow=&#8221;none&#8221; column_border_radius=&#8221;none&#8221; column_link_target=&#8221;_self&#8221; column_position=&#8221;default&#8221; gradient_direction=&#8221;left_to_right&#8221; overlay_strength=&#8221;0.3&#8243; width=&#8221;1\/1&#8243; tablet_width_inherit=&#8221;default&#8221; animation_type=&#8221;default&#8221; bg_image_animation=&#8221;none&#8221; border_type=&#8221;simple&#8221; column_border_width=&#8221;none&#8221; column_border_style=&#8221;solid&#8221;][vc_column_text]\n<h2 style=\"text-align: center;\">Doe agora<\/h2>\n[\/vc_column_text][\/vc_column][\/vc_row][vc_row type=&#8221;full_width_background&#8221; full_screen_row_position=&#8221;middle&#8221; column_margin=&#8221;default&#8221; column_direction=&#8221;default&#8221; column_direction_tablet=&#8221;default&#8221; column_direction_phone=&#8221;default&#8221; scene_position=&#8221;center&#8221; top_padding=&#8221;5%&#8221; bottom_padding=&#8221;5%&#8221; text_color=&#8221;dark&#8221; text_align=&#8221;left&#8221; row_border_radius=&#8221;none&#8221; row_border_radius_applies=&#8221;bg&#8221; overflow=&#8221;visible&#8221; overlay_strength=&#8221;0.3&#8243; gradient_direction=&#8221;left_to_right&#8221; shape_divider_position=&#8221;bottom&#8221; bg_image_animation=&#8221;none&#8221; shape_type=&#8221;&#8221;][vc_column column_padding=&#8221;padding-2-percent&#8221; column_padding_tablet=&#8221;inherit&#8221; column_padding_phone=&#8221;inherit&#8221; column_padding_position=&#8221;right&#8221; column_element_direction_desktop=&#8221;default&#8221; column_element_spacing=&#8221;default&#8221; desktop_text_alignment=&#8221;default&#8221; tablet_text_alignment=&#8221;default&#8221; phone_text_alignment=&#8221;default&#8221; background_color_opacity=&#8221;1&#8243; background_hover_color_opacity=&#8221;1&#8243; column_backdrop_filter=&#8221;none&#8221; column_shadow=&#8221;none&#8221; column_border_radius=&#8221;none&#8221; column_link_target=&#8221;_self&#8221; column_position=&#8221;default&#8221; gradient_direction=&#8221;left_to_right&#8221; overlay_strength=&#8221;0.3&#8243; width=&#8221;1\/2&#8243; tablet_width_inherit=&#8221;default&#8221; animation_type=&#8221;default&#8221; bg_image_animation=&#8221;none&#8221; border_type=&#8221;simple&#8221; column_border_width=&#8221;none&#8221; column_border_style=&#8221;solid&#8221;][vc_column_text css=&#8221;.vc_custom_1696513513120{margin-bottom: 30px !important;}&#8221;]\n<h3>Doa\u00e7\u00e3o Online<\/h3>\n[\/vc_column_text][vc_column_text]O que voc\u00ea tem pra compartilhar? Tempo, experi\u00eancia, ou investir na educa\u00e7\u00e3o de crian\u00e7as, adolescentes e jovens. Doe agora!<\/p>\n\n\t\t<style type=\"text\/css\">\n\t\t\t#gallery-1 {\n\t\t\t\tmargin: auto;\n\t\t\t}\n\t\t\t#gallery-1 .gallery-item {\n\t\t\t\tfloat: left;\n\t\t\t\tmargin-top: 10px;\n\t\t\t\ttext-align: center;\n\t\t\t\twidth: 50%;\n\t\t\t}\n\t\t\t#gallery-1 img {\n\t\t\t\tborder: 2px solid #cfcfcf;\n\t\t\t}\n\t\t\t#gallery-1 .gallery-caption {\n\t\t\t\tmargin-left: 0;\n\t\t\t}\n\t\t\t\/* see gallery_shortcode() in wp-includes\/media.php *\/\n\t\t<\/style>\n\t\t<div id='gallery-1' class='gallery galleryid-6276 gallery-columns-2 gallery-size-thumbnail'><dl class='gallery-item'>\n\t\t\t<dt class='gallery-icon landscape'>\n\t\t\t\t<a href='https:\/\/www.ipearte.com.br\/site\/wp-content\/uploads\/2023\/10\/WhatsApp-Image-2023-10-04-at-01.26.36.jpeg' title=\"\" data-rl_title=\"\" class=\"rl-gallery-link\" data-rl_caption=\"\" data-rel=\"lightbox-gallery-1\"><img width=\"150\" height=\"150\" src=\"https:\/\/www.ipearte.com.br\/site\/wp-content\/uploads\/2023\/10\/WhatsApp-Image-2023-10-04-at-01.26.36-150x150.jpeg\" class=\"attachment-thumbnail size-thumbnail\" alt=\"\" decoding=\"async\" loading=\"lazy\" srcset=\"https:\/\/www.ipearte.com.br\/site\/wp-content\/uploads\/2023\/10\/WhatsApp-Image-2023-10-04-at-01.26.36-150x150.jpeg 150w, https:\/\/www.ipearte.com.br\/site\/wp-content\/uploads\/2023\/10\/WhatsApp-Image-2023-10-04-at-01.26.36-300x300.jpeg 300w, https:\/\/www.ipearte.com.br\/site\/wp-content\/uploads\/2023\/10\/WhatsApp-Image-2023-10-04-at-01.26.36-1024x1024.jpeg 1024w, https:\/\/www.ipearte.com.br\/site\/wp-content\/uploads\/2023\/10\/WhatsApp-Image-2023-10-04-at-01.26.36-768x768.jpeg 768w, https:\/\/www.ipearte.com.br\/site\/wp-content\/uploads\/2023\/10\/WhatsApp-Image-2023-10-04-at-01.26.36-100x100.jpeg 100w, https:\/\/www.ipearte.com.br\/site\/wp-content\/uploads\/2023\/10\/WhatsApp-Image-2023-10-04-at-01.26.36-140x140.jpeg 140w, https:\/\/www.ipearte.com.br\/site\/wp-content\/uploads\/2023\/10\/WhatsApp-Image-2023-10-04-at-01.26.36-500x500.jpeg 500w, https:\/\/www.ipearte.com.br\/site\/wp-content\/uploads\/2023\/10\/WhatsApp-Image-2023-10-04-at-01.26.36-350x350.jpeg 350w, https:\/\/www.ipearte.com.br\/site\/wp-content\/uploads\/2023\/10\/WhatsApp-Image-2023-10-04-at-01.26.36-1000x1000.jpeg 1000w, https:\/\/www.ipearte.com.br\/site\/wp-content\/uploads\/2023\/10\/WhatsApp-Image-2023-10-04-at-01.26.36-800x800.jpeg 800w, https:\/\/www.ipearte.com.br\/site\/wp-content\/uploads\/2023\/10\/WhatsApp-Image-2023-10-04-at-01.26.36.jpeg 1300w\" sizes=\"(max-width: 150px) 100vw, 150px\" \/><\/a>\n\t\t\t<\/dt><\/dl><dl class='gallery-item'>\n\t\t\t<dt class='gallery-icon portrait'>\n\t\t\t\t<a href='https:\/\/www.ipearte.com.br\/site\/wp-content\/uploads\/2023\/10\/WhatsApp-Image-2023-10-04-at-01.26.41.jpeg' title=\"\" data-rl_title=\"\" class=\"rl-gallery-link\" data-rl_caption=\"\" data-rel=\"lightbox-gallery-1\"><img width=\"150\" height=\"150\" src=\"https:\/\/www.ipearte.com.br\/site\/wp-content\/uploads\/2023\/10\/WhatsApp-Image-2023-10-04-at-01.26.41-150x150.jpeg\" class=\"attachment-thumbnail size-thumbnail\" alt=\"\" decoding=\"async\" loading=\"lazy\" srcset=\"https:\/\/www.ipearte.com.br\/site\/wp-content\/uploads\/2023\/10\/WhatsApp-Image-2023-10-04-at-01.26.41-150x150.jpeg 150w, https:\/\/www.ipearte.com.br\/site\/wp-content\/uploads\/2023\/10\/WhatsApp-Image-2023-10-04-at-01.26.41-100x100.jpeg 100w, https:\/\/www.ipearte.com.br\/site\/wp-content\/uploads\/2023\/10\/WhatsApp-Image-2023-10-04-at-01.26.41-140x140.jpeg 140w, https:\/\/www.ipearte.com.br\/site\/wp-content\/uploads\/2023\/10\/WhatsApp-Image-2023-10-04-at-01.26.41-500x500.jpeg 500w, https:\/\/www.ipearte.com.br\/site\/wp-content\/uploads\/2023\/10\/WhatsApp-Image-2023-10-04-at-01.26.41-350x350.jpeg 350w, https:\/\/www.ipearte.com.br\/site\/wp-content\/uploads\/2023\/10\/WhatsApp-Image-2023-10-04-at-01.26.41-1000x1000.jpeg 1000w, https:\/\/www.ipearte.com.br\/site\/wp-content\/uploads\/2023\/10\/WhatsApp-Image-2023-10-04-at-01.26.41-800x800.jpeg 800w\" sizes=\"(max-width: 150px) 100vw, 150px\" \/><\/a>\n\t\t\t<\/dt><\/dl><br style=\"clear: both\" \/><dl class='gallery-item'>\n\t\t\t<dt class='gallery-icon landscape'>\n\t\t\t\t<a href='https:\/\/www.ipearte.com.br\/site\/wp-content\/uploads\/2023\/10\/WhatsApp-Image-2023-09-25-at-20.27.36.jpeg' title=\"\" data-rl_title=\"\" class=\"rl-gallery-link\" data-rl_caption=\"\" data-rel=\"lightbox-gallery-1\"><img width=\"150\" height=\"150\" src=\"https:\/\/www.ipearte.com.br\/site\/wp-content\/uploads\/2023\/10\/WhatsApp-Image-2023-09-25-at-20.27.36-150x150.jpeg\" class=\"attachment-thumbnail size-thumbnail\" alt=\"\" decoding=\"async\" loading=\"lazy\" srcset=\"https:\/\/www.ipearte.com.br\/site\/wp-content\/uploads\/2023\/10\/WhatsApp-Image-2023-09-25-at-20.27.36-150x150.jpeg 150w, https:\/\/www.ipearte.com.br\/site\/wp-content\/uploads\/2023\/10\/WhatsApp-Image-2023-09-25-at-20.27.36-100x100.jpeg 100w, https:\/\/www.ipearte.com.br\/site\/wp-content\/uploads\/2023\/10\/WhatsApp-Image-2023-09-25-at-20.27.36-140x140.jpeg 140w, https:\/\/www.ipearte.com.br\/site\/wp-content\/uploads\/2023\/10\/WhatsApp-Image-2023-09-25-at-20.27.36-500x500.jpeg 500w, https:\/\/www.ipearte.com.br\/site\/wp-content\/uploads\/2023\/10\/WhatsApp-Image-2023-09-25-at-20.27.36-350x350.jpeg 350w\" sizes=\"(max-width: 150px) 100vw, 150px\" \/><\/a>\n\t\t\t<\/dt><\/dl><dl class='gallery-item'>\n\t\t\t<dt class='gallery-icon portrait'>\n\t\t\t\t<a href='https:\/\/www.ipearte.com.br\/site\/wp-content\/uploads\/2023\/10\/WhatsApp-Image-2023-10-04-at-01.26.40-3.jpeg' title=\"\" data-rl_title=\"\" class=\"rl-gallery-link\" data-rl_caption=\"\" data-rel=\"lightbox-gallery-1\"><img width=\"150\" height=\"150\" src=\"https:\/\/www.ipearte.com.br\/site\/wp-content\/uploads\/2023\/10\/WhatsApp-Image-2023-10-04-at-01.26.40-3-150x150.jpeg\" class=\"attachment-thumbnail size-thumbnail\" alt=\"\" decoding=\"async\" loading=\"lazy\" srcset=\"https:\/\/www.ipearte.com.br\/site\/wp-content\/uploads\/2023\/10\/WhatsApp-Image-2023-10-04-at-01.26.40-3-150x150.jpeg 150w, https:\/\/www.ipearte.com.br\/site\/wp-content\/uploads\/2023\/10\/WhatsApp-Image-2023-10-04-at-01.26.40-3-100x100.jpeg 100w, https:\/\/www.ipearte.com.br\/site\/wp-content\/uploads\/2023\/10\/WhatsApp-Image-2023-10-04-at-01.26.40-3-140x140.jpeg 140w, https:\/\/www.ipearte.com.br\/site\/wp-content\/uploads\/2023\/10\/WhatsApp-Image-2023-10-04-at-01.26.40-3-500x500.jpeg 500w, https:\/\/www.ipearte.com.br\/site\/wp-content\/uploads\/2023\/10\/WhatsApp-Image-2023-10-04-at-01.26.40-3-350x350.jpeg 350w, https:\/\/www.ipearte.com.br\/site\/wp-content\/uploads\/2023\/10\/WhatsApp-Image-2023-10-04-at-01.26.40-3-1000x1000.jpeg 1000w, https:\/\/www.ipearte.com.br\/site\/wp-content\/uploads\/2023\/10\/WhatsApp-Image-2023-10-04-at-01.26.40-3-800x800.jpeg 800w\" sizes=\"(max-width: 150px) 100vw, 150px\" \/><\/a>\n\t\t\t<\/dt><\/dl><br style=\"clear: both\" \/>\n\t\t<\/div>\n\n[\/vc_column_text][\/vc_column][vc_column column_padding=&#8221;padding-4-percent&#8221; column_padding_tablet=&#8221;inherit&#8221; column_padding_phone=&#8221;inherit&#8221; column_padding_position=&#8221;all&#8221; bottom_margin=&#8221;30&#8243; column_element_direction_desktop=&#8221;default&#8221; column_element_spacing=&#8221;default&#8221; desktop_text_alignment=&#8221;default&#8221; tablet_text_alignment=&#8221;default&#8221; phone_text_alignment=&#8221;default&#8221; background_color_opacity=&#8221;1&#8243; background_hover_color_opacity=&#8221;1&#8243; column_backdrop_filter=&#8221;none&#8221; column_shadow=&#8221;none&#8221; column_border_radius=&#8221;none&#8221; column_link_target=&#8221;_self&#8221; column_position=&#8221;default&#8221; gradient_direction=&#8221;left_to_right&#8221; overlay_strength=&#8221;0.3&#8243; width=&#8221;1\/2&#8243; tablet_width_inherit=&#8221;default&#8221; animation_type=&#8221;default&#8221; bg_image_animation=&#8221;none&#8221; border_type=&#8221;simple&#8221; column_border_width=&#8221;none&#8221; column_border_style=&#8221;solid&#8221;][vc_column_text css=&#8221;.vc_custom_1696513532574{margin-bottom: 30px !important;}&#8221;]\n<h3>Dados para Doa\u00e7\u00e3o!!<\/h3>\n[\/vc_column_text][vc_row_inner column_margin=&#8221;default&#8221; column_direction=&#8221;default&#8221; column_direction_tablet=&#8221;default&#8221; column_direction_phone=&#8221;default&#8221; text_align=&#8221;left&#8221; row_position=&#8221;default&#8221; row_position_tablet=&#8221;inherit&#8221; row_position_phone=&#8221;inherit&#8221; overflow=&#8221;visible&#8221; pointer_events=&#8221;all&#8221;][vc_column_inner column_padding=&#8221;no-extra-padding&#8221; column_padding_tablet=&#8221;inherit&#8221; column_padding_phone=&#8221;inherit&#8221; column_padding_position=&#8221;all&#8221; column_element_direction_desktop=&#8221;default&#8221; column_element_spacing=&#8221;default&#8221; desktop_text_alignment=&#8221;default&#8221; tablet_text_alignment=&#8221;default&#8221; phone_text_alignment=&#8221;default&#8221; background_color_opacity=&#8221;1&#8243; background_hover_color_opacity=&#8221;1&#8243; column_backdrop_filter=&#8221;none&#8221; column_shadow=&#8221;none&#8221; column_border_radius=&#8221;none&#8221; column_link_target=&#8221;_self&#8221; overflow=&#8221;visible&#8221; gradient_direction=&#8221;left_to_right&#8221; overlay_strength=&#8221;0.3&#8243; width=&#8221;1\/1&#8243; tablet_width_inherit=&#8221;default&#8221; animation_type=&#8221;default&#8221; bg_image_animation=&#8221;none&#8221; border_type=&#8221;simple&#8221; column_border_width=&#8221;none&#8221; column_border_style=&#8221;solid&#8221;][vc_column_text]<img decoding=\"async\" loading=\"lazy\" class=\"alignleft wp-image-6281\" src=\"https:\/\/www.ipearte.com.br\/site\/wp-content\/uploads\/2023\/10\/logo-pix-300x107.png\" alt=\"\" width=\"200\" height=\"71\" srcset=\"https:\/\/www.ipearte.com.br\/site\/wp-content\/uploads\/2023\/10\/logo-pix-300x107.png 300w, https:\/\/www.ipearte.com.br\/site\/wp-content\/uploads\/2023\/10\/logo-pix-1024x364.png 1024w, https:\/\/www.ipearte.com.br\/site\/wp-content\/uploads\/2023\/10\/logo-pix-768x273.png 768w, https:\/\/www.ipearte.com.br\/site\/wp-content\/uploads\/2023\/10\/logo-pix.png 1200w\" sizes=\"(max-width: 200px) 100vw, 200px\" \/>[\/vc_column_text][\/vc_column_inner][\/vc_row_inner][vc_column_text]<strong>Chave Pix (CNPJ): 21.970.959\/0001-19<\/strong><br \/>\nBanco: Banco Ita\u00fa<br \/>\nAg\u00eancia: 0936<br \/>\nConta Corrente: 14303-1<br \/>\nFavorecido(a): Instituto Paraense de Educa\u00e7\u00e3o e Arte &#8211; IPEARTE[\/vc_column_text][\/vc_column][\/vc_row][vc_row type=&#8221;in_container&#8221; full_screen_row_position=&#8221;middle&#8221; column_margin=&#8221;default&#8221; column_direction=&#8221;default&#8221; column_direction_tablet=&#8221;default&#8221; column_direction_phone=&#8221;default&#8221; scene_position=&#8221;center&#8221; text_color=&#8221;dark&#8221; text_align=&#8221;left&#8221; row_border_radius=&#8221;none&#8221; row_border_radius_applies=&#8221;bg&#8221; overflow=&#8221;visible&#8221; overlay_strength=&#8221;0.3&#8243; gradient_direction=&#8221;left_to_right&#8221; shape_divider_position=&#8221;bottom&#8221; bg_image_animation=&#8221;none&#8221;][vc_column column_padding=&#8221;no-extra-padding&#8221; column_padding_tablet=&#8221;inherit&#8221; column_padding_phone=&#8221;inherit&#8221; column_padding_position=&#8221;all&#8221; column_element_direction_desktop=&#8221;default&#8221; column_element_spacing=&#8221;default&#8221; desktop_text_alignment=&#8221;default&#8221; tablet_text_alignment=&#8221;default&#8221; phone_text_alignment=&#8221;default&#8221; background_color_opacity=&#8221;1&#8243; background_hover_color_opacity=&#8221;1&#8243; column_backdrop_filter=&#8221;none&#8221; column_shadow=&#8221;none&#8221; column_border_radius=&#8221;none&#8221; column_link_target=&#8221;_self&#8221; column_position=&#8221;default&#8221; gradient_direction=&#8221;left_to_right&#8221; overlay_strength=&#8221;0.3&#8243; width=&#8221;1\/1&#8243; tablet_width_inherit=&#8221;default&#8221; animation_type=&#8221;default&#8221; bg_image_animation=&#8221;none&#8221; border_type=&#8221;simple&#8221; column_border_width=&#8221;none&#8221; column_border_style=&#8221;solid&#8221;][nectar_global_section id=&#8221;6086&#8243;][\/vc_column][\/vc_row]\n","protected":false},"excerpt":{"rendered":"<p>[vc_row type=&#8221;full_width_background&#8221; full_screen_row_position=&#8221;middle&#8221; column_margin=&#8221;default&#8221; column_direction=&#8221;default&#8221; column_direction_tablet=&#8221;default&#8221; column_direction_phone=&#8221;default&#8221; bg_color=&#8221;#e5b93f&#8221; scene_position=&#8221;center&#8221; top_padding=&#8221;80&#8243; bottom_padding=&#8221;80&#8243; text_color=&#8221;dark&#8221; text_align=&#8221;left&#8221; row_border_radius=&#8221;none&#8221; row_border_radius_applies=&#8221;bg&#8221; overflow=&#8221;visible&#8221; overlay_strength=&#8221;0.3&#8243; gradient_direction=&#8221;left_to_right&#8221; shape_divider_position=&#8221;bottom&#8221; bg_image_animation=&#8221;none&#8221; gradient_type=&#8221;default&#8221; shape_type=&#8221;&#8221;][vc_column column_padding=&#8221;no-extra-padding&#8221; column_padding_tablet=&#8221;inherit&#8221; column_padding_phone=&#8221;inherit&#8221;&#8230;<\/p>\n","protected":false},"author":1,"featured_media":0,"parent":0,"menu_order":0,"comment_status":"closed","ping_status":"closed","template":"","meta":{"footnotes":""},"_links":{"self":[{"href":"https:\/\/www.ipearte.com.br\/site\/wp-json\/wp\/v2\/pages\/6276"}],"collection":[{"href":"https:\/\/www.ipearte.com.br\/site\/wp-json\/wp\/v2\/pages"}],"about":[{"href":"https:\/\/www.ipearte.com.br\/site\/wp-json\/wp\/v2\/types\/page"}],"author":[{"embeddable":true,"href":"https:\/\/www.ipearte.com.br\/site\/wp-json\/wp\/v2\/users\/1"}],"replies":[{"embeddable":true,"href":"https:\/\/www.ipearte.com.br\/site\/wp-json\/wp\/v2\/comments?post=6276"}],"version-history":[{"count":12,"href":"https:\/\/www.ipearte.com.br\/site\/wp-json\/wp\/v2\/pages\/6276\/revisions"}],"predecessor-version":[{"id":6304,"href":"https:\/\/www.ipearte.com.br\/site\/wp-json\/wp\/v2\/pages\/6276\/revisions\/6304"}],"wp:attachment":[{"href":"https:\/\/www.ipearte.com.br\/site\/wp-json\/wp\/v2\/media?parent=6276"}],"curies":[{"name":"wp","href":"https:\/\/api.w.org\/{rel}","templated":true}]}}